3. Let r(w) = 0*w - 4*w**2 + 6*w**2 + 2 + a*w. Calculate r(-3).
5
Let c(w) = 324*w - 17. Let s(r) = -1180*r + 62. Let g(j) = 51*c(j) + 14*s(j). Let x = -3 - -6. Let k be -3*(-2)/x*1. Calculate g(k).
9
Let k(a) = -6*a - 25*a + 518 - 182 + a. Determine k(11).
6
Let z be 39 - 32 - 1*12. Let y(o) = o**2 + 11*o. What is y(z)?
-30
Let z = 51 - 30. Let a be 16/7 + (-6)/z. Let v(x) = -7*x + 6*x**2 - 3*x**a - 2*x**2 + 1. What is v(3)?
-11
Let l(i) = -27*i + 100 - i + 8 + i**2 + 35. What is l(7)?
-4
Let i = -8063 + 8045. Let d(n) = n**3 + 16*n**2 - 37*n - 16. Determine d(i).
2
Let s(r) be the third derivative of r**6/120 - 4*r**5/15 - 2*r**4/3 - 11*r**3/6 - 1753*r**2. Give s(17).
6
Let n(r) be the first derivative of 15*r**2/2 - 153*r - 2275. What is n(10)?
-3
Suppose -13*z = -21*z + 16. Let l(w) = 2*w - 4257*w**2 - w + 4265*w**z. Calculate l(-1).
7
Let q(u) = 3*u**2 + 11*u + 62. Let g(b) = -4*b**2 - 7*b - 63. Let a(v) = -2*g(v) - 3*q(v). What is a(-15)?
0
Let t(o) be the third derivative of 7*o**4/12 + 2*o**3/3 - 4*o**2. Let h be (-42)/(-35)*(-25)/10 - 0. Determine t(h).
-38
Let g = 24 - 24. Suppose g*y + 0*y = -13*y. Suppose y = -5*t + 2*j - 4*j + 7, 4*t = -4*j + 8. Let k(h) = -7*h**3 + h**2 - 1. Determine k(t).
-7
Let g(w) = 1060*w**3 - 2 - 5*w**2 + 2*w - 534*w**3 - 524*w**3. Let d = 53 + -51. Calculate g(d).
-2
Let a be 2*((-2)/(-4) - 0). Let n be 6/9*60/8. Let t(j) = 4*j - j**2 - 158 + n*j**3 - 3*j + 157. Determine t(a).
4
Let h be 3 - -2 - (-2 - 0). Let m(p) be the second derivative of 1/6*p**3 - 39 + 0*p**2 - 2*p. Give m(h).
7
Let b(z) be the first derivative of z**4/4 + 7*z**3/3 + 5*z**2 + 17*z + 5789. What is b(-7)?
-53
Let o(h) be the first derivative of -5*h**3/3 + h**2 - 2*h - 76. Let r(q) = 7*q**2 + 3. Let s(x) = 4*o(x) + 3*r(x). Give s(-7).
-6
Suppose 0 = 9*g - 2*g - 14. Let d(u) = 14 - 28*u + 14 - 17*u**g + 30*u**2 + 19*u**2. Let c(x) = -x**2 + x - 1. Let l(q) = 56*c(q) + 2*d(q). Determine l(1).
8
Let i(d) = 76*d**2 + 2*d - 1. Let f be i(1). Suppose 88*j = 106*j - 1494. Let y = f - j. Let o(r) = -r - 5. What is o(y)?
1
Suppose -2*p = 2*s + 42, -5*s + 31 = 2*p - 5*p. Let n = p + 14. Let d(k) be the first derivative of -k**4/4 - 2*k**3/3 - 4*k + 31. Determine d(n).
5
Let k(p) = -15*p + 111. Let d = -4475 - -4483. Determine k(d).
-9
Let k = 9000 + -9018. Let y(d) = -d**2 - 22*d - 76. Determine y(k).
-4
Let y(u) be the second derivative of 1 + 1/20*u**5 + 1/3*u**3 - 182*u - 3/2*u**2 - 1/2*u**4. Suppose -v = -3*w + v + 10, 5*v = 3*w + 2. Give y(w).
9
Let l(y) = -y**2 - 194 + 20*y + 339 - 129. Calculate l(17).
67
Let q(i) = -87*i**2 + 11*i + 20. Let g(m) = -43*m**2 + 5*m + 9. Let k(z) = 9*g(z) - 4*q(z). Let l = 859 - 860. Determine k(l).
-39
Let w(s) = 3*s**2 - 13*s - 12. Let k(t) = t**2 - 6*t - 6. Suppose -3*g - 16 = -11*g. Let f(r) = g*w(r) - 5*k(r). Calculate f(-6).
18
Let w(b) be the second derivative of b**3/6 + 9*b**2/2 + b. Let g(a) = -a**2 + 63*a + 979. Let j be g(76). Calculate w(j).
0
Let s(f) = f**3 - f + 7. Suppose 3*v = 2*w + 2*v + 136, 0 = 4*w + 2*v + 288. Let z = w + 40. Let d = z + 30. Calculate s(d).
7
Let b(f) = f - 2*f - 6 + 0 + 2*f. Give b(-3).
-9
Let p(c) be the second derivative of 3/2*c**2 + 19*c + 0 - 2/3*c**3. Let n(v) = 3*v - 2. Let t(s) = 3*n(s) + 2*p(s). Calculate t(4).
4
Suppose -3*v = -5*h + 482 + 459, 927 = 5*h + 4*v. Let z = h - 191. Let w(q) be the first derivative of -q**4/4 - 4*q**3/3 - 2*q - 1. Calculate w(z).
-2
Let a be (30/4)/(30/20). Suppose 0 = -a*g - 8 + 8. Let x(v) = v - 25. Give x(g).
-25
Let b(c) be the third derivative of c**4/12 - 4*c**3/3 + 390*c**2. Let g(q) = -5*q**3 + 3*q**2 + 4*q + 2. Let a be g(-1). Calculate b(a).
4
Let f(b) = -b + 3. Let w be 3/(12/10)*(2 - 0). Suppose 4*v + w*l + 70 = -v, -2*v + 5*l = 0. What is f(v)?
13
Let d(w) = w + 1. Let m = -44 - -38. Let v be -3 - m/(6/5). Suppose -v*k = -5*s + k - 56, 0 = 2*s + 5*k + 10. Calculate d(s).
-9
Let g(i) = -67480*i + 134957*i + 73 - 67480*i. What is g(23)?
4
Let a(r) be the first derivative of r**2/2 - 6*r - 15. Suppose 50 = 7*q + 30 + 55. Determine a(q).
-11
Let w(c) be the first derivative of 13/6*c**3 + 9*c + 0*c**2 - 19. Let l(f) be the first derivative of w(f). Calculate l(1).
13
Let m(g) be the first derivative of -g**4/12 + 2*g**3 + 9*g**2/2 - 180*g + 199. Let f(z) be the first derivative of m(z). Calculate f(13).
-4
Let p(s) = -11*s**3 + 2*s**2 + 6*s - 19. Let n(r) = -2*r**3 + 2*r**2 + r - 2. Let v(m) = 6*n(m) - p(m). Determine v(10).
7
Let k(b) = 357*b + 368*b - 728*b + 5 + 28*b**2. Calculate k(2).
111
Let f(k) = -67*k - 139. Let u(j) = 45*j + 70. Let y(g) = -3*f(g) - 5*u(g). Calculate y(3).
-5
Suppose -g + 5*g - 5*d = -155, 0 = 11*g - 2*d + 391. Let x(h) = 11*h + 386. Determine x(g).
1
Suppose -4*a + 6 = 18. Let s be (-2)/2*2 - (-8 - a). Let n(z) = -1 - 112*z - s*z**3 + 115*z + 5*z**2 + 4*z**3. Give n(-4).
3
Let h be 0/(6 + (-15 - -8)). Let i(u) be the first derivative of -u**3/3 - u**2/2 - 18*u + 63. Calculate i(h).
-18
Suppose 5*r - 10 = 3*r. Suppose w = 3*q - r - 4, 1 = -w + q. Suppose 31 = 4*k + 3*h, h - 2*h - 7 = -w*k. Let x(u) = 6*u - 3. Give x(k).
21
Suppose m - 5*m + 2*k = -78, 2*m - 9 = -5*k. Let u(y) = -5*y + 22 + m - y**2 - 56 + 18. Let a(p) = -2*p**2 - 3*p - 3. Let q be a(-2). What is u(q)?
1
Let i(p) = 69*p**2 - 25*p - 37. Let v(l) = -26*l**2 + 8*l + 12. Let s(h) = 3*i(h) + 8*v(h). Give s(-6).
15
Let i(t) = 192 - 85 - 72 + 6*t. What is i(-5)?
5
Let r(y) = y - 6. Let l be r(5). Let c(f) = 1 - 5*f**2 + 1368926*f**3 - 1368955*f**3 + 3*f**2. Determine c(l).
28
Let g(m) = -3*m**2 - 36*m - 47. Suppose -8573 = 13*x - 8430. Calculate g(x).
-14
Let g(r) be the third derivative of -r**6/60 + r**5/6 + 5*r**4/8 - 3*r**3 + 32*r**2 - 40*r. Give g(6).
0
Let o(x) = 2*x**3 - 5*x**2 + x + 4. Let t(a) = 14*a + 255. Let y(r) = -20*r - 458. Let h be y(-22). Let u be t(h). Determine o(u).
16
Suppose -32*d = -1463 + 1047. Let n(j) = -j**3 + 13*j**2 + j - 32. Calculate n(d).
-19
Let v(f) = 2*f**2 - 29*f + 1. Let j(m) = m**3 - 22*m**2 + 11*m + 20. Let r(k) = j(k) - 2*v(k). What is r(23)?
18
Let j be ((-16)/1)/(3 - (-41)/(-13)). Let a be (-210)/(-385) - j/(-11). Let v(t) = 3*t - 15. What is v(a)?
15
Let n(l) = -15371*l**2 + 7677*l**2 + 20*l - 134 + 7695*l**2. What is n(-25)?
-9
Let r(v) = 345*v**3 - 13*v**2 + 106*v - 1. Let l(t) = -47*t**3 + 2*t**2 - 15*t. Let p(z) = -22*l(z) - 3*r(z). What is p(-8)?
99
Let l be (-9 - -10)*1*23. Suppose -3*q = 2*u - 36, -28 - l = -3*q + 3*u. Let o be 5/10*1*q. Let k(h) = h - 2. Calculate k(o).
5
Let i be 1 + -6 + 0/(-2). Let u(h) = -h**3 + 6*h**2 + 5*h + 16. Let d be u(7). Let a(k) = -d + 20*k - 3*k - 8*k - 3*k - 7*k. Give a(i).
3
Let u be ((-16)/4)/((-198)/(-22) - 8). Let o(n) = n**3 + 3*n**2 - 10*n + 1. Determine o(u).
25
Suppose 0 = -5*s + 5*v + 55, -641*s - 31 = -646*s + 2*v. Let p(u) be the second derivative of u**5/20 - u**4/6 - 2*u**3/3 + 7*u**2/2 - u. Determine p(s).
4
Let a(o) be the first derivative of 11*o**2/2 - 33*o + 413. Determine a(3).
0
Suppose 0 = 9*t - 21 + 39. Let l(u) = -3*u**3 + u**2 - 2*u. Give l(t).
32
Suppose 4 + 10 = 2*c. Suppose 7*r = 14 + c. Let b(q) = -q**r + 0*q**2 - 4*q**2 - q**2 - 4 - 85*q + 84*q. Give b(-3).
-19
Let t(h) = h**3 + 3*h**2 + 4*h. Let j = 3050 - 3055. Give t(j).
-70
Let f(q) = -16*q**2 + 125*q + 189. Let r(h) = 7*h**2 - 58*h - 94. Let s(o) = -4*f(o) - 9*r(o). Calculate s(-6).
-6
Let m(x) = -x**2 - 7*x + 6. Suppose 11*n + 35816 = -26*n. Let g be (-79)/9 - (10 - n/(-99)). Calculate m(g).
-12
Let a(x) = 8*x**2 + 6*x + 1. Let b be a(-4). Suppose 133*t - 448*t = -20475. Suppose -b - t = -17*p. Let w(o) = -o**2 + 11*o - 13. Determine w(p).
-3
Let t = -9 - -6. Let c(f) = 86*f**3 - 2*f**2 + 2*f - 2. Let w be c(1). Let v(s) = -88*s - 2 + w*s - 4 + s**2 + 3. Give v(t).
18
Let l(n) be the second derivative of 9 - 9*n - 1/2*n**3 + 3/4*n**4 - 1/20*n**5 + 4*n**2. Give l(9).
-19
Let b(w) = -26*w + 219. Let y(v) = -11*v + 88. Let j(s) = -5*b(s) + 12*y(s). Determine j(-9).
-21
Let b(r) be the second derivative of -5*r**3/6 + r**2 + 9*r. Let h(m) = 2*m. Let u(c) = b(c) + 3*h(c). Let w be (-3 + 3)/(3 - 1). Determine u(w).
2
Let a(n) = -n**3 + 2*n**2 + 5*n - 2. Let h be a(3). Let g(s) = 1 + 3 + 17*s - 13*s - 13*s + 2*s**2. Let c be g(h). Let o(q) = -q - 10. Give o(c).
-10
Let 